51.222.253.20 - - [17/Dec/2022:20:09:30 -0800] "GET /clipart/images/frames/light_blue_tall_photo.gif HTTP/1.1" 200 1084 "-" "Mozilla/5.0 (compatible; AhrefsBot/7.0; +http://ahrefs.com/robot/)" "ucea-online.net"
51.222.253.16 - - [17/Dec/2022:20:09:31 -0800] "GET /sitebuilder/images/navbar-9-inactive-04950.png HTTP/1.1" 200 2619 "-" "Mozilla/5.0 (compatible; AhrefsBot/7.0; +http://ahrefs.com/robot/)" "ucea-online.net"
51.222.253.11 - - [17/Dec/2022:20:09:31 -0800] "GET /clipart/images/sidebars/gradient_bright_blue.gif HTTP/1.1" 200 8155 "-" "Mozilla/5.0 (compatible; AhrefsBot/7.0; +http://ahrefs.com/robot/)" "ucea-online.net"
51.222.253.5 - - [17/Dec/2022:20:09:32 -0800] "GET /sitebuilder/images/Jerusalem-1269x84.png HTTP/1.1" 200 220080 "-" "Mozilla/5.0 (compatible; AhrefsBot/7.0; +http://ahrefs.com/robot/)" "ucea-online.net"
51.222.253.19 - - [17/Dec/2022:20:09:33 -0800] "GET /clipart/pageHeaders/gray_gradient_light_to_med.gif HTTP/1.1" 200 19173 "-" "Mozilla/5.0 (compatible; AhrefsBot/7.0; +http://ahrefs.com/robot/)" "ucea-online.net"
51.222.253.2 - - [17/Dec/2022:20:09:34 -0800] "GET /sitebuilder/images/Chicago_2-298x473.jpg HTTP/1.1" 200 22612 "-" "Mozilla/5.0 (compatible; AhrefsBot/7.0; +http://ahrefs.com/robot/)" "ucea-online.net"
51.222.253.18 - - [17/Dec/2022:20:09:34 -0800] "GET /sitebuilder/images/UCEA_Academics-325x84.png HTTP/1.1" 200 18267 "-" "Mozilla/5.0 (compatible; AhrefsBot/7.0; +http://ahrefs.com/robot/)" "ucea-online.net"
51.222.253.9 - - [17/Dec/2022:20:09:34 -0800] "GET /images/Isarael_Flag.jpg HTTP/1.1" 200 5285 "-" "Mozilla/5.0 (compatible; AhrefsBot/7.0; +http://ahrefs.com/robot/)" "ucea-online.net"
51.222.253.8 - - [17/Dec/2022:20:09:35 -0800] "GET /clipart/images/bluegray_rounded_footer.gif HTTP/1.1" 200 223 "-" "Mozilla/5.0 (compatible; AhrefsBot/7.0; +http://ahrefs.com/robot/)" "ucea-online.net"
114.119.130.111 - - [17/Dec/2022:20:10:20 -0800] "GET /files/2013_The_Bachelor_of_Arts_in_Judaic_Studies2.pdf HTTP/1.1" 200 105648 "http://www.ucea.edu.pa/index_files/Judaic.html" "Mozilla/5.0 (Linux; Android 7.0;) AppleWebKit/537.36 (KHTML, like Gecko) Mobile Safari/537.36 (compatible; PetalBot;+https://webmaster.petalsearch.com/site/petalbot)" "www.ucea-online.net"
157.55.39.61 - - [17/Dec/2022:20:22:08 -0800] "GET /index.html HTTP/1.1" 200 3665 "-" "Mozilla/5.0 (compatible; bingbot/2.0; +http://www.bing.com/bingbot.htm)" "ucea-online.net"
51.222.253.18 - - [17/Dec/2022:20:26:52 -0800] "GET /testimonials.html HTTP/1.1" 200 3808 "-" "Mozilla/5.0 (compatible; AhrefsBot/7.0; +http://ahrefs.com/robot/)" "ucea-online.net"
51.222.253.9 - - [17/Dec/2022:20:26:55 -0800] "GET /clipart/images/bluegray_rounded_header.gif HTTP/1.1" 200 331 "-" "Mozilla/5.0 (compatible; AhrefsBot/7.0; +http://ahrefs.com/robot/)" "ucea-online.net"
51.222.253.11 - - [17/Dec/2022:20:26:56 -0800] "GET /sitebuilder/images/navbar-6-active-08525.png HTTP/1.1" 200 1616 "-" "Mozilla/5.0 (compatible; AhrefsBot/7.0; +http://ahrefs.com/robot/)" "ucea-online.net"
51.222.253.14 - - [17/Dec/2022:20:26:56 -0800] "GET /testimonials.html HTTP/1.1" 200 3808 "-" "Mozilla/5.0 (compatible; AhrefsBot/7.0; +http://ahrefs.com/robot/)" "ucea-online.net"
51.222.253.6 - - [17/Dec/2022:20:26:57 -0800] "GET /clipart/images/blue_shimmer_title.gif HTTP/1.1" 200 2082 "-" "Mozilla/5.0 (compatible; AhrefsBot/7.0; +http://ahrefs.com/robot/)" "ucea-online.net"
54.36.148.248 - - [17/Dec/2022:21:41:35 -0800] "GET /robots.txt HTTP/1.1" 200 58 "-" "Mozilla/5.0 (compatible; AhrefsBot/7.0; +http://ahrefs.com/robot/)" "www.ucea-online.net"
51.222.253.16 - - [17/Dec/2022:21:41:36 -0800] "GET /Externship.html HTTP/1.1" 200 1804 "-" "Mozilla/5.0 (compatible; AhrefsBot/7.0; +http://ahrefs.com/robot/)" "www.ucea-online.net"
51.222.253.12 - - [17/Dec/2022:21:41:43 -0800] "GET /sitebuilder/images/image767-140x91.jpg HTTP/1.1" 200 4452 "-" "Mozilla/5.0 (compatible; AhrefsBot/7.0; +http://ahrefs.com/robot/)" "www.ucea-online.net"
51.222.253.19 - - [17/Dec/2022:21:41:44 -0800] "GET /images/image296.jpg HTTP/1.1" 200 4002 "-" "Mozilla/5.0 (compatible; AhrefsBot/7.0; +http://ahrefs.com/robot/)" "www.ucea-online.net"
51.222.253.20 - - [17/Dec/2022:21:41:46 -0800] "GET /clipart/pageHeaders/blueBusiness.gif HTTP/1.1" 200 10919 "-" "Mozilla/5.0 (compatible; AhrefsBot/7.0; +http://ahrefs.com/robot/)" "www.ucea-online.net"
51.222.253.3 - - [17/Dec/2022:21:41:47 -0800] "GET /images/image424.jpg HTTP/1.1" 200 2204 "-" "Mozilla/5.0 (compatible; AhrefsBot/7.0; +http://ahrefs.com/robot/)" "www.ucea-online.net"
51.222.253.20 - - [17/Dec/2022:21:41:48 -0800] "GET /clipart/images/frames/blueSleekFrame_Hands.gif HTTP/1.1" 200 3972 "-" "Mozilla/5.0 (compatible; AhrefsBot/7.0; +http://ahrefs.com/robot/)" "www.ucea-online.net"
51.222.253.12 - - [17/Dec/2022:21:41:49 -0800] "GET /images/image516.gif HTTP/1.1" 200 119 "-" "Mozilla/5.0 (compatible; AhrefsBot/7.0; +http://ahrefs.com/robot/)" "www.ucea-online.net"
51.222.253.10 - - [17/Dec/2022:21:41:49 -0800] "GET /sitebuilder/images/2014_University_Central_of_Ashdod_Logo-151x90.jpg HTTP/1.1" 200 4417 "-" "Mozilla/5.0 (compatible; AhrefsBot/7.0; +http://ahrefs.com/robot/)" "www.ucea-online.net"
51.222.253.14 - - [17/Dec/2022:21:41:50 -0800] "GET /clipart/images/frames/blueSleekFrame_Blank.gif HTTP/1.1" 200 441 "-" "Mozilla/5.0 (compatible; AhrefsBot/7.0; +http://ahrefs.com/robot/)" "www.ucea-online.net"
51.222.253.2 - - [17/Dec/2022:21:41:50 -0800] "GET /sitebuilder/images/image295-131x74.jpg HTTP/1.1" 200 3312 "-" "Mozilla/5.0 (compatible; AhrefsBot/7.0; +http://ahrefs.com/robot/)" "www.ucea-online.net"
51.222.253.17 - - [17/Dec/2022:21:41:50 -0800] "GET /sitebuilder/images/image414-76x53.jpg HTTP/1.1" 200 2067 "-" "Mozilla/5.0 (compatible; AhrefsBot/7.0; +http://ahrefs.com/robot/)" "www.ucea-online.net"
170.187.202.236 - - [17/Dec/2022:21:56:32 -0800] "GET /installer.php HTTP/1.1" 404 88 "-" "Mozilla/5.0 (Macintosh; Intel Mac OS X 10_10_1) AppleWebKit/537.36 (KHTML, like Gecko) Chrome/39.0.2171.95 Safari/537.36" "ucea-online.net"
170.187.202.236 - - [17/Dec/2022:21:56:36 -0800] "GET /installer-backup.php HTTP/1.1" 404 88 "-" "Mozilla/5.0 (Macintosh; Intel Mac OS X 10_10_1) AppleWebKit/537.36 (KHTML, like Gecko) Chrome/39.0.2171.95 Safari/537.36" "ucea-online.net"
170.187.202.236 - - [17/Dec/2022:21:56:39 -0800] "GET /dup-installer/main.installer.php HTTP/1.1" 404 88 "-" "Mozilla/5.0 (Macintosh; Intel Mac OS X 10_10_1) AppleWebKit/537.36 (KHTML, like Gecko) Chrome/39.0.2171.95 Safari/537.36" "ucea-online.net"
170.187.202.236 - - [17/Dec/2022:21:56:42 -0800] "GET /wp-admin/setup-config.php HTTP/1.1" 404 88 "-" "Mozilla/5.0 (Macintosh; Intel Mac OS X 10_10_1) AppleWebKit/537.36 (KHTML, like Gecko) Chrome/39.0.2171.95 Safari/537.36" "ucea-online.net"
170.187.202.236 - - [17/Dec/2022:21:56:48 -0800] "GET /wp-admin/install.php HTTP/1.1" 404 88 "-" "Mozilla/5.0 (Macintosh; Intel Mac OS X 10_10_1) AppleWebKit/537.36 (KHTML, like Gecko) Chrome/39.0.2171.95 Safari/537.36" "ucea-online.net"
170.187.202.236 - - [17/Dec/2022:21:56:52 -0800] "GET /kickstart.php HTTP/1.1" 404 88 "-" "Mozilla/5.0 (Macintosh; Intel Mac OS X 10_10_1) AppleWebKit/537.36 (KHTML, like Gecko) Chrome/39.0.2171.95 Safari/537.36" "ucea-online.net"
170.187.202.236 - - [17/Dec/2022:21:56:58 -0800] "GET /installation/index.php HTTP/1.1" 404 88 "-" "Mozilla/5.0 (Macintosh; Intel Mac OS X 10_10_1) AppleWebKit/537.36 (KHTML, like Gecko) Chrome/39.0.2171.95 Safari/537.36" "ucea-online.net"
170.187.202.236 - - [17/Dec/2022:21:57:02 -0800] "GET /wp//installer.php HTTP/1.1" 404 88 "-" "Mozilla/5.0 (Macintosh; Intel Mac OS X 10_10_1) AppleWebKit/537.36 (KHTML, like Gecko) Chrome/39.0.2171.95 Safari/537.36" "ucea-online.net"
170.187.202.236 - - [17/Dec/2022:21:57:06 -0800] "GET /wp//installer-backup.php HTTP/1.1" 404 88 "-" "Mozilla/5.0 (Macintosh; Intel Mac OS X 10_10_1) AppleWebKit/537.36 (KHTML, like Gecko) Chrome/39.0.2171.95 Safari/537.36" "ucea-online.net"
170.187.202.236 - - [17/Dec/2022:21:57:17 -0800] "GET /wp//dup-installer/main.installer.php HTTP/1.1" 404 88 "-" "Mozilla/5.0 (Macintosh; Intel Mac OS X 10_10_1) AppleWebKit/537.36 (KHTML, like Gecko) Chrome/39.0.2171.95 Safari/537.36" "ucea-online.net"
170.187.202.236 - - [17/Dec/2022:21:57:25 -0800] "GET /wp//wp-admin/setup-config.php HTTP/1.1" 404 88 "-" "Mozilla/5.0 (Macintosh; Intel Mac OS X 10_10_1) AppleWebKit/537.36 (KHTML, like Gecko) Chrome/39.0.2171.95 Safari/537.36" "ucea-online.net"
170.187.202.236 - - [17/Dec/2022:21:57:30 -0800] "GET /wp//wp-admin/install.php HTTP/1.1" 404 88 "-" "Mozilla/5.0 (Macintosh; Intel Mac OS X 10_10_1) AppleWebKit/537.36 (KHTML, like Gecko) Chrome/39.0.2171.95 Safari/537.36" "ucea-online.net"
170.187.202.236 - - [17/Dec/2022:21:57:33 -0800] "GET /wp//kickstart.php HTTP/1.1" 404 88 "-" "Mozilla/5.0 (Macintosh; Intel Mac OS X 10_10_1) AppleWebKit/537.36 (KHTML, like Gecko) Chrome/39.0.2171.95 Safari/537.36" "ucea-online.net"
170.187.202.236 - - [17/Dec/2022:21:57:39 -0800] "GET /wp//installation/index.php HTTP/1.1" 404 88 "-" "Mozilla/5.0 (Macintosh; Intel Mac OS X 10_10_1) AppleWebKit/537.36 (KHTML, like Gecko) Chrome/39.0.2171.95 Safari/537.36" "ucea-online.net"
170.187.202.236 - - [17/Dec/2022:21:57:51 -0800] "GET /wordpress//installer.php HTTP/1.1" 404 88 "-" "Mozilla/5.0 (Macintosh; Intel Mac OS X 10_10_1) AppleWebKit/537.36 (KHTML, like Gecko) Chrome/39.0.2171.95 Safari/537.36" "ucea-online.net"
170.187.202.236 - - [17/Dec/2022:21:57:59 -0800] "GET /wordpress//installer-backup.php HTTP/1.1" 404 88 "-" "Mozilla/5.0 (Macintosh; Intel Mac OS X 10_10_1) AppleWebKit/537.36 (KHTML, like Gecko) Chrome/39.0.2171.95 Safari/537.36" "ucea-online.net"
170.187.202.236 - - [17/Dec/2022:21:58:02 -0800] "GET /wordpress//dup-installer/main.installer.php HTTP/1.1" 404 88 "-" "Mozilla/5.0 (Macintosh; Intel Mac OS X 10_10_1) AppleWebKit/537.36 (KHTML, like Gecko) Chrome/39.0.2171.95 Safari/537.36" "ucea-online.net"
170.187.202.236 - - [17/Dec/2022:21:58:05 -0800] "GET /wordpress//wp-admin/setup-config.php HTTP/1.1" 404 88 "-" "Mozilla/5.0 (Macintosh; Intel Mac OS X 10_10_1) AppleWebKit/537.36 (KHTML, like Gecko) Chrome/39.0.2171.95 Safari/537.36" "ucea-online.net"
170.187.202.236 - - [17/Dec/2022:21:58:13 -0800] "GET /wordpress//wp-admin/install.php HTTP/1.1" 404 88 "-" "Mozilla/5.0 (Macintosh; Intel Mac OS X 10_10_1) AppleWebKit/537.36 (KHTML, like Gecko) Chrome/39.0.2171.95 Safari/537.36" "ucea-online.net"
170.187.202.236 - - [17/Dec/2022:21:58:17 -0800] "GET /wordpress//kickstart.php HTTP/1.1" 404 88 "-" "Mozilla/5.0 (Macintosh; Intel Mac OS X 10_10_1) AppleWebKit/537.36 (KHTML, like Gecko) Chrome/39.0.2171.95 Safari/537.36" "ucea-online.net"
170.187.202.236 - - [17/Dec/2022:21:58:23 -0800] "GET /wordpress//installation/index.php HTTP/1.1" 404 88 "-" "Mozilla/5.0 (Macintosh; Intel Mac OS X 10_10_1) AppleWebKit/537.36 (KHTML, like Gecko) Chrome/39.0.2171.95 Safari/537.36" "ucea-online.net"
170.187.202.236 - - [17/Dec/2022:21:58:27 -0800] "GET /blog//installer.php HTTP/1.1" 404 88 "-" "Mozilla/5.0 (Macintosh; Intel Mac OS X 10_10_1) AppleWebKit/537.36 (KHTML, like Gecko) Chrome/39.0.2171.95 Safari/537.36" "ucea-online.net"
170.187.202.236 - - [17/Dec/2022:21:58:34 -0800] "GET /blog//installer-backup.php HTTP/1.1" 404 88 "-" "Mozilla/5.0 (Macintosh; Intel Mac OS X 10_10_1) AppleWebKit/537.36 (KHTML, like Gecko) Chrome/39.0.2171.95 Safari/537.36" "ucea-online.net"
170.187.202.236 - - [17/Dec/2022:21:58:43 -0800] "GET /blog//dup-installer/main.installer.php HTTP/1.1" 404 88 "-" "Mozilla/5.0 (Macintosh; Intel Mac OS X 10_10_1) AppleWebKit/537.36 (KHTML, like Gecko) Chrome/39.0.2171.95 Safari/537.36" "ucea-online.net"
170.187.202.236 - - [17/Dec/2022:21:58:48 -0800] "GET /blog//wp-admin/setup-config.php HTTP/1.1" 404 88 "-" "Mozilla/5.0 (Macintosh; Intel Mac OS X 10_10_1) AppleWebKit/537.36 (KHTML, like Gecko) Chrome/39.0.2171.95 Safari/537.36" "ucea-online.net"
170.187.202.236 - - [17/Dec/2022:21:58:53 -0800] "GET /blog//wp-admin/install.php HTTP/1.1" 404 88 "-" "Mozilla/5.0 (Macintosh; Intel Mac OS X 10_10_1) AppleWebKit/537.36 (KHTML, like Gecko) Chrome/39.0.2171.95 Safari/537.36" "ucea-online.net"
170.187.202.236 - - [17/Dec/2022:21:58:58 -0800] "GET /blog//kickstart.php HTTP/1.1" 404 88 "-" "Mozilla/5.0 (Macintosh; Intel Mac OS X 10_10_1) AppleWebKit/537.36 (KHTML, like Gecko) Chrome/39.0.2171.95 Safari/537.36" "ucea-online.net"
170.187.202.236 - - [17/Dec/2022:21:59:01 -0800] "GET /blog//installation/index.php HTTP/1.1" 404 88 "-" "Mozilla/5.0 (Macintosh; Intel Mac OS X 10_10_1) AppleWebKit/537.36 (KHTML, like Gecko) Chrome/39.0.2171.95 Safari/537.36" "ucea-online.net"
66.249.64.125 - - [17/Dec/2022:21:59:33 -0800] "GET /ads.txt HTTP/1.1" 404 88 "-" "Mozilla/5.0 (compatible; Googlebot/2.1; +http://www.google.com/bot.html)" "www.ucea-online.net"
51.222.253.10 - - [17/Dec/2022:22:16:08 -0800] "GET /Admissions.html HTTP/1.1" 200 1428 "-" "Mozilla/5.0 (compatible; AhrefsBot/7.0; +http://ahrefs.com/robot/)" "www.ucea-online.net"
5.188.86.198 - - [17/Dec/2022:22:23:24 -0800] "GET /wp-login.php HTTP/1.1" 404 88 "-" "Mozilla/5.0 (Windows NT 10.0; Win64; x64) AppleWebKit/537.36 (KHTML, like Gecko) Chrome/64.0.3282.140 Safari/537.36 Edge/18.17763" "www.ucea-online.net"
18.246.37.70 - - [17/Dec/2022:22:33:56 -0800] "GET / HTTP/1.1" 200 3665 "-" "Mozilla/5.0 (X11; Linux x86_64) AppleWebKit/537.36 (KHTML, like Gecko) Chrome/83.0.4103.97 Safari/537.36" "ucea-online.net"
34.220.34.239 - - [17/Dec/2022:22:33:57 -0800] "GET / HTTP/1.1" 200 3665 "-" "Mozilla/5.0 (X11; Linux x86_64) AppleWebKit/537.36 (KHTML, like Gecko) Chrome/83.0.4103.97 Safari/537.36" "ucea-online.net"
35.90.121.19 - - [17/Dec/2022:22:34:12 -0800] "GET /favicon.ico HTTP/1.1" 404 88 "-" "Mozilla/5.0 (X11; Linux x86_64) AppleWebKit/537.36 (KHTML, like Gecko) Chrome/83.0.4103.97 Safari/537.36" "ucea-online.net"
35.90.121.19 - - [17/Dec/2022:22:34:12 -0800] "GET / HTTP/1.1" 200 3665 "-" "Mozilla/5.0 (X11; Linux x86_64) AppleWebKit/537.36 (KHTML, like Gecko) Chrome/83.0.4103.97 Safari/537.36" "ucea-online.net"
34.211.192.159 - - [17/Dec/2022:22:34:17 -0800] "GET /favicon.ico HTTP/1.1" 404 88 "-" "Mozilla/5.0 (X11; Linux x86_64) AppleWebKit/537.36 (KHTML, like Gecko) Chrome/83.0.4103.97 Safari/537.36" "ucea-online.net"
34.211.192.159 - - [17/Dec/2022:22:34:20 -0800] "GET / HTTP/1.1" 200 3665 "-" "Mozilla/5.0 (X11; Linux x86_64) AppleWebKit/537.36 (KHTML, like Gecko) Chrome/83.0.4103.97 Safari/537.36" "ucea-online.net"
34.217.29.79 - - [17/Dec/2022:22:38:55 -0800] "GET / HTTP/1.1" 200 3665 "-" "Mozilla/5.0 (Windows NT 10.0; Win64; x64)AppleWebKit/537.36 (KHTML, like Gecko) Chrome/66.0.3359.181 Safari/537.36" "ucea-online.net"
5.189.171.179 - - [17/Dec/2022:22:39:09 -0800] "HEAD /wordpress HTTP/1.1" 404 - "-" "Mozilla/5.0 (Windows NT 10.0; Win64; x64) AppleWebKit/537.36 (KHTML, like Gecko) Chrome/74.0.3729.169 Safari/537.36" "ucea-online.net"
5.189.171.179 - - [17/Dec/2022:22:39:09 -0800] "HEAD / HTTP/1.1" 200 - "-" "Mozilla/5.0 (Windows NT 10.0; Win64; x64) AppleWebKit/537.36 (KHTML, like Gecko) Chrome/74.0.3729.169 Safari/537.36" "ucea-online.net"
5.189.171.179 - - [17/Dec/2022:22:39:09 -0800] "HEAD /wp HTTP/1.1" 404 - "-" "Mozilla/5.0 (Windows NT 10.0; Win64; x64) AppleWebKit/537.36 (KHTML, like Gecko) Chrome/74.0.3729.169 Safari/537.36" "ucea-online.net"
5.189.171.179 - - [17/Dec/2022:22:39:09 -0800] "HEAD /bc HTTP/1.1" 404 - "-" "Mozilla/5.0 (Windows NT 10.0; Win64; x64) AppleWebKit/537.36 (KHTML, like Gecko) Chrome/74.0.3729.169 Safari/537.36" "ucea-online.net"
5.189.171.179 - - [17/Dec/2022:22:39:09 -0800] "HEAD /bk HTTP/1.1" 404 - "-" "Mozilla/5.0 (Windows NT 10.0; Win64; x64) AppleWebKit/537.36 (KHTML, like Gecko) Chrome/74.0.3729.169 Safari/537.36" "ucea-online.net"
5.189.171.179 - - [17/Dec/2022:22:39:10 -0800] "HEAD /backup HTTP/1.1" 404 - "-" "Mozilla/5.0 (Windows NT 10.0; Win64; x64) AppleWebKit/537.36 (KHTML, like Gecko) Chrome/74.0.3729.169 Safari/537.36" "ucea-online.net"
5.189.171.179 - - [17/Dec/2022:22:39:10 -0800] "HEAD /old HTTP/1.1" 404 - "-" "Mozilla/5.0 (Windows NT 10.0; Win64; x64) AppleWebKit/537.36 (KHTML, like Gecko) Chrome/74.0.3729.169 Safari/537.36" "ucea-online.net"
5.189.171.179 - - [17/Dec/2022:22:39:10 -0800] "HEAD /new HTTP/1.1" 404 - "-" "Mozilla/5.0 (Windows NT 10.0; Win64; x64) AppleWebKit/537.36 (KHTML, like Gecko) Chrome/74.0.3729.169 Safari/537.36" "ucea-online.net"
5.189.171.179 - - [17/Dec/2022:22:39:10 -0800] "HEAD /main HTTP/1.1" 404 - "-" "Mozilla/5.0 (Windows NT 10.0; Win64; x64) AppleWebKit/537.36 (KHTML, like Gecko) Chrome/74.0.3729.169 Safari/537.36" "ucea-online.net"
5.189.171.179 - - [17/Dec/2022:22:39:10 -0800] "HEAD /home HTTP/1.1" 404 - "-" "Mozilla/5.0 (Windows NT 10.0; Win64; x64) AppleWebKit/537.36 (KHTML, like Gecko) Chrome/74.0.3729.169 Safari/537.36" "ucea-online.net"
207.46.13.46 - - [17/Dec/2022:22:48:53 -0800] "GET /Library.html HTTP/1.1" 200 3182 "-" "Mozilla/5.0 AppleWebKit/537.36 (KHTML, like Gecko; compatible; bingbot/2.0; +http://www.bing.com/bingbot.htm) Chrome/103.0.5060.134 Safari/537.36" "www.ucea-online.net"
66.249.64.111 - - [17/Dec/2022:22:57:21 -0800] "GET /ads.txt HTTP/1.1" 404 88 "-" "Mozilla/5.0 (compatible; Googlebot/2.1; +http://www.google.com/bot.html)" "www.ucea-online.net"
51.222.253.6 - - [17/Dec/2022:23:43:38 -0800] "GET / HTTP/1.1" 200 3665 "-" "Mozilla/5.0 (compatible; AhrefsBot/7.0; +http://ahrefs.com/robot/)" "ucea-online.net"
51.222.253.16 - - [17/Dec/2022:23:43:40 -0800] "GET /sitebuilder/images/Chicago_3-115x175.jpg HTTP/1.1" 200 5161 "-" "Mozilla/5.0 (compatible; AhrefsBot/7.0; +http://ahrefs.com/robot/)" "ucea-online.net"
51.222.253.20 - - [17/Dec/2022:23:43:40 -0800] "GET /sitebuilder/images/Western_Wall_Jerusalem-338x170.jpg HTTP/1.1" 200 21873 "-" "Mozilla/5.0 (compatible; AhrefsBot/7.0; +http://ahrefs.com/robot/)" "ucea-online.net"
51.222.253.9 - - [17/Dec/2022:23:43:40 -0800] "GET /sitebuilder/images/studying2-170x177.jpg HTTP/1.1" 200 7953 "-" "Mozilla/5.0 (compatible; AhrefsBot/7.0; +http://ahrefs.com/robot/)" "ucea-online.net"
51.222.253.3 - - [17/Dec/2022:23:43:41 -0800] "GET /images/Israel_Flag.gif HTTP/1.1" 200 4403 "-" "Mozilla/5.0 (compatible; AhrefsBot/7.0; +http://ahrefs.com/robot/)" "ucea-online.net"
51.222.253.15 - - [17/Dec/2022:23:43:41 -0800] "GET /sitebuilder/images/2010_UCEA_BJS_Classroom-296x177.jpg HTTP/1.1" 200 12469 "-" "Mozilla/5.0 (compatible; AhrefsBot/7.0; +http://ahrefs.com/robot/)" "ucea-online.net"
51.222.253.2 - - [17/Dec/2022:23:43:42 -0800] "GET /sitebuilder/images/TLV_Airport-243x173.jpg HTTP/1.1" 200 8341 "-" "Mozilla/5.0 (compatible; AhrefsBot/7.0; +http://ahrefs.com/robot/)" "ucea-online.net"
51.222.253.11 - - [17/Dec/2022:23:43:42 -0800] "GET /sitebuilder/images/Chicago_4-135x173.jpg HTTP/1.1" 200 4955 "-" "Mozilla/5.0 (compatible; AhrefsBot/7.0; +http://ahrefs.com/robot/)" "ucea-online.net"
51.222.253.9 - - [17/Dec/2022:23:43:43 -0800] "GET / HTTP/1.1" 200 3665 "-" "Mozilla/5.0 (compatible; AhrefsBot/7.0; +http://ahrefs.com/robot/)" "ucea-online.net"
51.222.253.9 - - [17/Dec/2022:23:43:44 -0800] "GET /sitebuilder/images/JCF_Logo-160x67.jpg HTTP/1.1" 200 3297 "-" "Mozilla/5.0 (compatible; AhrefsBot/7.0; +http://ahrefs.com/robot/)" "ucea-online.net"
51.222.253.1 - - [17/Dec/2022:23:43:44 -0800] "GET /sitebuilder/images/Jerualem_Background-110x69.jpg HTTP/1.1" 200 3058 "-" "Mozilla/5.0 (compatible; AhrefsBot/7.0; +http://ahrefs.com/robot/)" "ucea-online.net"
40.77.167.105 - - [18/Dec/2022:00:12:09 -0800] "GET /robots.txt HTTP/1.1" 200 58 "-" "Mozilla/5.0 (compatible; bingbot/2.0; +http://www.bing.com/bingbot.htm)" "ucea-online.net"
157.55.39.61 - - [18/Dec/2022:00:12:13 -0800] "GET /index.html HTTP/1.1" 200 3665 "-" "Mozilla/5.0 AppleWebKit/537.36 (KHTML, like Gecko; compatible; bingbot/2.0; +http://www.bing.com/bingbot.htm) Chrome/103.0.5060.134 Safari/537.36" "ucea-online.net"
51.222.253.16 - - [18/Dec/2022:00:24:05 -0800] "GET /biography.html HTTP/1.1" 200 2643 "-" "Mozilla/5.0 (compatible; AhrefsBot/7.0; +http://ahrefs.com/robot/)" "ucea-online.net"
123.125.109.137 - - [18/Dec/2022:00:34:51 -0800] "GET / HTTP/1.1" 200 3665 "-" "Sogou web spider/4.0(+http://www.sogou.com/docs/help/webmasters.htm#07)" "www.ucea-online.net"
51.222.253.11 - - [18/Dec/2022:01:55:04 -0800] "GET /robots.txt HTTP/1.1" 200 58 "-" "Mozilla/5.0 (compatible; AhrefsBot/7.0; +http://ahrefs.com/robot/)" "ucea-online.net"
51.222.253.1 - - [18/Dec/2022:01:55:05 -0800] "GET / HTTP/1.1" 200 3665 "-" "Mozilla/5.0 (compatible; AhrefsBot/7.0; +http://ahrefs.com/robot/)" "ucea-online.net"
51.222.253.12 - - [18/Dec/2022:02:32:33 -0800] "GET /specialty.html HTTP/1.1" 200 2550 "-" "Mozilla/5.0 (compatible; AhrefsBot/7.0; +http://ahrefs.com/robot/)" "www.ucea-online.net"
51.222.253.2 - - [18/Dec/2022:02:32:35 -0800] "GET /sitebuilder/images/navbar-5-active-95890.png HTTP/1.1" 200 2689 "-" "Mozilla/5.0 (compatible; AhrefsBot/7.0; +http://ahrefs.com/robot/)" "www.ucea-online.net"
51.222.253.7 - - [18/Dec/2022:02:32:35 -0800] "GET /sitebuilder/images/City_of_Panama_Icon-358x481.jpg HTTP/1.1" 200 13460 "-" "Mozilla/5.0 (compatible; AhrefsBot/7.0; +http://ahrefs.com/robot/)" "www.ucea-online.net"
51.222.253.14 - - [18/Dec/2022:02:32:35 -0800] "GET /sitebuilder/images/UCEA_School_of_Judaic_Studies-170x116.jpg HTTP/1.1" 200 7202 "-" "Mozilla/5.0 (compatible; AhrefsBot/7.0; +http://ahrefs.com/robot/)" "www.ucea-online.net"
51.222.253.10 - - [18/Dec/2022:02:32:35 -0800] "GET /sitebuilder/images/Jerusalem-1269x84.png HTTP/1.1" 200 220080 "-" "Mozilla/5.0 (compatible; AhrefsBot/7.0; +http://ahrefs.com/robot/)" "www.ucea-online.net"
51.222.253.18 - - [18/Dec/2022:02:32:36 -0800] "GET /sitebuilder/images/UCEA_Academics-325x84.png HTTP/1.1" 200 18267 "-" "Mozilla/5.0 (compatible; AhrefsBot/7.0; +http://ahrefs.com/robot/)" "www.ucea-online.net"
51.222.253.10 - - [18/Dec/2022:02:32:37 -0800] "GET /sitebuilder/images/Chicago_2-298x473.jpg HTTP/1.1" 200 22612 "-" "Mozilla/5.0 (compatible; AhrefsBot/7.0; +http://ahrefs.com/robot/)" "www.ucea-online.net"
51.222.253.12 - - [18/Dec/2022:02:32:37 -0800] "GET /sitebuilder/images/Chicago-170x121.jpg HTTP/1.1" 200 4519 "-" "Mozilla/5.0 (compatible; AhrefsBot/7.0; +http://ahrefs.com/robot/)" "www.ucea-online.net"
51.222.253.15 - - [18/Dec/2022:02:32:38 -0800] "GET /images/Isarael_Flag.jpg HTTP/1.1" 200 5285 "-" "Mozilla/5.0 (compatible; AhrefsBot/7.0; +http://ahrefs.com/robot/)" "www.ucea-online.net"
51.222.253.3 - - [18/Dec/2022:02:32:39 -0800] "GET /specialty.html HTTP/1.1" 200 2550 "-" "Mozilla/5.0 (compatible; AhrefsBot/7.0; +http://ahrefs.com/robot/)" "www.ucea-online.net"
66.249.64.115 - - [18/Dec/2022:02:45:16 -0800] "GET /favicon.ico HTTP/1.1" 404 88 "-" "Googlebot-Image/1.0" "www.ucea-online.net"
66.249.64.113 - - [18/Dec/2022:02:45:17 -0800] "GET /favicon.ico HTTP/1.1" 404 88 "-" "Googlebot-Image/1.0" "www.ucea-online.net"
157.55.39.61 - - [18/Dec/2022:02:45:26 -0800] "GET /sitebuilder/images/Jerusalem-1269x84.png HTTP/1.1" 200 220080 "-" "Mozilla/5.0 AppleWebKit/537.36 (KHTML, like Gecko; compatible; bingbot/2.0; +http://www.bing.com/bingbot.htm) Chrome/103.0.5060.134 Safari/537.36" "ucea-online.net"
40.77.167.105 - - [18/Dec/2022:02:48:43 -0800] "GET /robots.txt HTTP/1.1" 200 58 "-" "Mozilla/5.0 (compatible; bingbot/2.0; +http://www.bing.com/bingbot.htm)" "ucea-online.net"
40.77.167.105 - - [18/Dec/2022:02:48:43 -0800] "GET /robots.txt HTTP/1.1" 200 58 "-" "Mozilla/5.0 (compatible; bingbot/2.0; +http://www.bing.com/bingbot.htm)" "ucea-online.net"
157.55.39.23 - - [18/Dec/2022:02:48:45 -0800] "GET /files/2017_Official_Trasncript_Request_Form.pdf HTTP/1.1" 404 88 "-" "Mozilla/5.0 (compatible; bingbot/2.0; +http://www.bing.com/bingbot.htm)" "ucea-online.net"
157.55.39.61 - - [18/Dec/2022:03:08:58 -0800] "GET /Research.html HTTP/1.1" 200 2033 "-" "Mozilla/5.0 AppleWebKit/537.36 (KHTML, like Gecko; compatible; bingbot/2.0; +http://www.bing.com/bingbot.htm) Chrome/103.0.5060.134 Safari/537.36" "www.ucea-online.net"
49.7.20.146 - - [18/Dec/2022:03:09:26 -0800] "GET / HTTP/1.1" 200 3665 "-" "Sogou web spider/4.0(+http://www.sogou.com/docs/help/webmasters.htm#07)" "ucea-online.net"
178.159.37.123 - - [18/Dec/2022:03:19:03 -0800] "GET /wp-content/plugins/wpyii2/wpyii2.php HTTP/1.1" 404 88 "-" "Mozlila/5.0 (Linux; Android 7.0; SM-G892A Bulid/NRD90M; wv) AppleWebKit/537.36 (KHTML, like Gecko) Version/4.0 Chrome/60.0.3112.107 Moblie Safari/537.36" "ucea-online.net"
66.249.70.112 - - [18/Dec/2022:03:55:31 -0800] "GET /ads.txt HTTP/1.1" 404 88 "-" "Mozilla/5.0 (compatible; Googlebot/2.1; +http://www.google.com/bot.html)" "ucea-online.net"
51.222.253.18 - - [18/Dec/2022:04:10:22 -0800] "GET /work.html HTTP/1.1" 200 1819 "-" "Mozilla/5.0 (compatible; AhrefsBot/7.0; +http://ahrefs.com/robot/)" "www.ucea-online.net"
51.222.253.10 - - [18/Dec/2022:04:10:26 -0800] "GET /sitebuilder/images/navbar-9-active-05008.png HTTP/1.1" 200 2471 "-" "Mozilla/5.0 (compatible; AhrefsBot/7.0; +http://ahrefs.com/robot/)" "www.ucea-online.net"
51.222.253.1 - - [18/Dec/2022:04:10:26 -0800] "GET /sitebuilder/images/2014_University_Central_of_Ashdod_Logo-241x154.png HTTP/1.1" 200 8687 "-" "Mozilla/5.0 (compatible; AhrefsBot/7.0; +http://ahrefs.com/robot/)" "www.ucea-online.net"
51.222.253.14 - - [18/Dec/2022:04:10:27 -0800] "GET /work.html HTTP/1.1" 200 1819 "-" "Mozilla/5.0 (compatible; AhrefsBot/7.0; +http://ahrefs.com/robot/)" "www.ucea-online.net"
123.125.109.137 - - [18/Dec/2022:04:14:19 -0800] "GET / HTTP/1.1" 200 3665 "-" "Sogou web spider/4.0(+http://www.sogou.com/docs/help/webmasters.htm#07)" "ucea-online.net"
157.245.135.235 - - [18/Dec/2022:04:23:02 -0800] "GET /wordpress HTTP/1.1" 404 88 "-" "Go-http-client/1.1" "ucea-online.net"
61.135.159.130 - - [18/Dec/2022:04:26:00 -0800] "GET / HTTP/1.1" 200 3665 "-" "Sogou web spider/4.0(+http://www.sogou.com/docs/help/webmasters.htm#07)" "www.ucea-online.net"
51.222.253.8 - - [18/Dec/2022:04:48:49 -0800] "GET /Library.html HTTP/1.1" 200 3182 "-" "Mozilla/5.0 (compatible; AhrefsBot/7.0; +http://ahrefs.com/robot/)" "ucea-online.net"
34.228.55.229 - - [18/Dec/2022:05:10:56 -0800] "GET /files/2017_Official_Trasncript_Request_Form.pdf HTTP/1.1" 404 88 "-" "python-requests/2.25.1" "ucea-online.net"
34.228.55.229 - - [18/Dec/2022:05:10:56 -0800] "GET /files/2016-2017_UCEA_Application_for_Degree.pdf HTTP/1.1" 200 384586 "-" "python-requests/2.25.1" "ucea-online.net"
34.228.55.229 - - [18/Dec/2022:05:10:56 -0800] "GET /files/2013-2014_UCEA_Application_for_Degree.pdf HTTP/1.1" 200 327173 "-" "python-requests/2.25.1" "ucea-online.net"
216.244.66.196 - - [18/Dec/2022:05:45:04 -0800] "GET /robots.txt HTTP/1.1" 200 42 "-" "Mozilla/5.0 (compatible; DotBot/1.2; +https://opensiteexplorer.org/dotbot; help@moz.com)" "ucea-online.net"
51.222.253.8 - - [18/Dec/2022:05:45:27 -0800] "GET /work.html HTTP/1.1" 200 1819 "-" "Mozilla/5.0 (compatible; AhrefsBot/7.0; +http://ahrefs.com/robot/)" "ucea-online.net"
51.222.253.2 - - [18/Dec/2022:06:17:31 -0800] "GET /Academics.html HTTP/1.1" 200 2543 "-" "Mozilla/5.0 (compatible; AhrefsBot/7.0; +http://ahrefs.com/robot/)" "ucea-online.net"
66.249.66.16 - - [18/Dec/2022:06:27:31 -0800] "GET /ads.txt HTTP/1.1" 404 88 "-" "Mozilla/5.0 (compatible; Googlebot/2.1; +http://www.google.com/bot.html)" "ucea-online.net"
114.119.153.246 - - [18/Dec/2022:06:37:38 -0800] "GET /testimonials.html HTTP/1.1" 200 3808 "http://www.ucea.edu.pa/index_files/Admissiosn.htm" "Mozilla/5.0 (Linux; Android 7.0;) AppleWebKit/537.36 (KHTML, like Gecko) Mobile Safari/537.36 (compatible; PetalBot;+https://webmaster.petalsearch.com/site/petalbot)" "www.ucea-online.net"
51.222.253.11 - - [18/Dec/2022:06:47:14 -0800] "GET /index.html HTTP/1.1" 200 3665 "-" "Mozilla/5.0 (compatible; AhrefsBot/7.0; +http://ahrefs.com/robot/)" "ucea-online.net"
157.55.39.61 - - [18/Dec/2022:08:09:08 -0800] "GET /sitebuilder/images/2014_University_Central_of_Ashdod_Logo-241x154.png HTTP/1.1" 200 8687 "-" "Mozilla/5.0 (compatible; bingbot/2.0; +http://www.bing.com/bingbot.htm)" "ucea-online.net"
51.222.253.3 - - [18/Dec/2022:08:22:07 -0800] "GET /Judaic.html HTTP/1.1" 200 3354 "-" "Mozilla/5.0 (compatible; AhrefsBot/7.0; +http://ahrefs.com/robot/)" "ucea-online.net"
118.184.177.74 - - [18/Dec/2022:08:25:28 -0800] "GET / HTTP/1.1" 200 3665 "-" "Sogou web spider/4.0(+http://www.sogou.com/docs/help/webmasters.htm#07)" "ucea-online.net"
207.46.13.18 - - [18/Dec/2022:08:35:14 -0800] "GET /MyUCEA.html HTTP/1.1" 304 - "-" "Mozilla/5.0 AppleWebKit/537.36 (KHTML, like Gecko; compatible; bingbot/2.0; +http://www.bing.com/bingbot.htm) Chrome/103.0.5060.134 Safari/537.36" "ucea-online.net"
114.119.145.210 - - [18/Dec/2022:08:39:39 -0800] "GET /robots.txt HTTP/1.1" 200 58 "-" "Mozilla/5.0 (compatible;PetalBot;+https://webmaster.petalsearch.com/site/petalbot)" "ucea-online.net"
51.222.253.19 - - [18/Dec/2022:09:01:55 -0800] "GET /Admissions.html HTTP/1.1" 200 1428 "-" "Mozilla/5.0 (compatible; AhrefsBot/7.0; +http://ahrefs.com/robot/)" "ucea-online.net"
80.251.219.111 - - [18/Dec/2022:09:09:14 -0800] "GET /wp-login.php HTTP/1.1" 404 88 "-" "Mozilla/5.0 (Windows NT 10.0; Win64; x64; rv:96.0) Gecko/20100101 Firefox/96" "ucea-online.net"
157.55.39.61 - - [18/Dec/2022:09:37:46 -0800] "GET /sitemap.xml HTTP/1.1" 200 167 "-" "Mozilla/5.0 (compatible; bingbot/2.0; +http://www.bing.com/bingbot.htm)" "www.ucea-online.net"
157.55.39.61 - - [18/Dec/2022:09:37:47 -0800] "GET /sitemap.xml HTTP/1.1" 200 167 "-" "Mozilla/5.0 (compatible; bingbot/2.0; +http://www.bing.com/bingbot.htm)" "www.ucea-online.net"
216.244.66.196 - - [18/Dec/2022:09:42:32 -0800] "GET /robots.txt HTTP/1.1" 200 42 "-" "Mozilla/5.0 (compatible; DotBot/1.2; +https://opensiteexplorer.org/dotbot; help@moz.com)" "www.ucea-online.net"
35.190.204.246 - - [18/Dec/2022:09:52:39 -0800] "GET / HTTP/1.1" 200 15264 "-" "Mozilla/5.0 (Windows NT 10.0; Win64; x64) AppleWebKit/537.36 (KHTML, like Gecko) Chrome/84.0.4147.105 Safari/537.36" "www.ucea-online.net"
114.119.147.203 - - [18/Dec/2022:09:56:35 -0800] "GET /robots.txt HTTP/1.1" 200 58 "-" "Mozilla/5.0 (compatible;PetalBot;+https://webmaster.petalsearch.com/site/petalbot)" "ucea-online.net"
123.125.109.94 - - [18/Dec/2022:10:10:04 -0800] "GET / HTTP/1.1" 200 3665 "-" "Sogou web spider/4.0(+http://www.sogou.com/docs/help/webmasters.htm#07)" "www.ucea-online.net"
207.46.13.18 - - [18/Dec/2022:10:29:45 -0800] "GET /testimonials.html HTTP/1.1" 304 - "-" "Mozilla/5.0 AppleWebKit/537.36 (KHTML, like Gecko; compatible; bingbot/2.0; +http://www.bing.com/bingbot.htm) Chrome/103.0.5060.134 Safari/537.36" "ucea-online.net"
51.222.253.2 - - [18/Dec/2022:10:42:24 -0800] "GET /contact_us.html HTTP/1.1" 200 3213 "-" "Mozilla/5.0 (compatible; AhrefsBot/7.0; +http://ahrefs.com/robot/)" "ucea-online.net"
95.163.255.71 - - [18/Dec/2022:10:47:32 -0800] "GET /robots.txt HTTP/1.1" 200 42 "-" "Mozilla/5.0 (compatible; Linux x86_64; Mail.RU_Bot/Img/2.0; +https://help.mail.ru/webmaster/indexing/robots)" "ucea-online.net"
95.163.255.61 - - [18/Dec/2022:10:47:33 -0800] "GET /sitebuilder/images/UCEA_School_of_Judaic_Studies-170x116.jpg HTTP/1.1" 200 7202 "http://go.mail.ru/search_images" "Mozilla/5.0 (compatible; Linux x86_64; Mail.RU_Bot/Img/2.0; +https://help.mail.ru/webmaster/indexing/robots)" "ucea-online.net"
40.77.167.55 - - [18/Dec/2022:10:52:52 -0800] "GET /sitemap.xml HTTP/1.1" 200 167 "-" "Mozilla/5.0 AppleWebKit/537.36 (KHTML, like Gecko; compatible; bingbot/2.0; +http://www.bing.com/bingbot.htm) Chrome/103.0.5060.134 Safari/537.36" "ucea-online.net"
114.119.136.137 - - [18/Dec/2022:12:13:37 -0800] "GET /files/2016-2017_UCEA_Application_for_Degree.pdf HTTP/1.1" 200 384586 "http://ucea-online.net/biography.html" "Mozilla/5.0 (Linux; Android 7.0;) AppleWebKit/537.36 (KHTML, like Gecko) Mobile Safari/537.36 (compatible; PetalBot;+https://webmaster.petalsearch.com/site/petalbot)" "ucea-online.net"
51.222.253.4 - - [18/Dec/2022:12:44:16 -0800] "GET /specialty.html HTTP/1.1" 200 2550 "-" "Mozilla/5.0 (compatible; AhrefsBot/7.0; +http://ahrefs.com/robot/)" "ucea-online.net"
51.222.253.19 - - [18/Dec/2022:12:44:19 -0800] "GET /sitebuilder/images/UCEA_Academics-325x84.png HTTP/1.1" 200 18267 "-" "Mozilla/5.0 (compatible; AhrefsBot/7.0; +http://ahrefs.com/robot/)" "ucea-online.net"
51.222.253.9 - - [18/Dec/2022:12:44:19 -0800] "GET /sitebuilder/images/Jerusalem-1269x84.png HTTP/1.1" 200 220080 "-" "Mozilla/5.0 (compatible; AhrefsBot/7.0; +http://ahrefs.com/robot/)" "ucea-online.net"
51.222.253.9 - - [18/Dec/2022:12:44:20 -0800] "GET /specialty.html HTTP/1.1" 200 2550 "-" "Mozilla/5.0 (compatible; AhrefsBot/7.0; +http://ahrefs.com/robot/)" "ucea-online.net"
51.222.253.5 - - [18/Dec/2022:12:44:20 -0800] "GET /sitebuilder/images/Chicago_2-298x473.jpg HTTP/1.1" 200 22612 "-" "Mozilla/5.0 (compatible; AhrefsBot/7.0; +http://ahrefs.com/robot/)" "ucea-online.net"
51.222.253.15 - - [18/Dec/2022:12:44:21 -0800] "GET /sitebuilder/images/navbar-4-inactive-06484.png HTTP/1.1" 200 1780 "-" "Mozilla/5.0 (compatible; AhrefsBot/7.0; +http://ahrefs.com/robot/)" "ucea-online.net"
51.222.253.6 - - [18/Dec/2022:12:44:21 -0800] "GET /clipart/pageHeaders/gray_gradient_light_to_med.gif HTTP/1.1" 200 19173 "-" "Mozilla/5.0 (compatible; AhrefsBot/7.0; +http://ahrefs.com/robot/)" "ucea-online.net"
51.222.253.4 - - [18/Dec/2022:12:44:21 -0800] "GET /images/Isarael_Flag.jpg HTTP/1.1" 200 5285 "-" "Mozilla/5.0 (compatible; AhrefsBot/7.0; +http://ahrefs.com/robot/)" "ucea-online.net"
51.222.253.16 - - [18/Dec/2022:12:44:21 -0800] "GET /clipart/images/frames/light_blue_tall_photo.gif HTTP/1.1" 200 1084 "-" "Mozilla/5.0 (compatible; AhrefsBot/7.0; +http://ahrefs.com/robot/)" "ucea-online.net"
51.222.253.11 - - [18/Dec/2022:12:44:22 -0800] "GET /clipart/images/sidebars/gradient_bright_blue.gif HTTP/1.1" 200 8155 "-" "Mozilla/5.0 (compatible; AhrefsBot/7.0; +http://ahrefs.com/robot/)" "ucea-online.net"
51.222.253.18 - - [18/Dec/2022:12:44:22 -0800] "GET /sitebuilder/images/navbar-2-inactive-06296.png HTTP/1.1" 200 1793 "-" "Mozilla/5.0 (compatible; AhrefsBot/7.0; +http://ahrefs.com/robot/)" "ucea-online.net"
51.222.253.4 - - [18/Dec/2022:12:44:22 -0800] "GET /sitebuilder/images/navbar-9-inactive-04950.png HTTP/1.1" 200 2619 "-" "Mozilla/5.0 (compatible; AhrefsBot/7.0; +http://ahrefs.com/robot/)" "ucea-online.net"
51.222.253.12 - - [18/Dec/2022:12:44:22 -0800] "GET /sitebuilder/images/navbar-6-inactive-08463.png HTTP/1.1" 200 1710 "-" "Mozilla/5.0 (compatible; AhrefsBot/7.0; +http://ahrefs.com/robot/)" "ucea-online.net"
51.222.253.13 - - [18/Dec/2022:12:44:23 -0800] "GET /sitebuilder/images/UCEA_School_of_Judaic_Studies-170x116.jpg HTTP/1.1" 200 7202 "-" "Mozilla/5.0 (compatible; AhrefsBot/7.0; +http://ahrefs.com/robot/)" "ucea-online.net"
51.222.253.19 - - [18/Dec/2022:12:44:23 -0800] "GET /sitebuilder/images/navbar-1-inactive-06203.png HTTP/1.1" 200 1701 "-" "Mozilla/5.0 (compatible; AhrefsBot/7.0; +http://ahrefs.com/robot/)" "ucea-online.net"
51.222.253.2 - - [18/Dec/2022:12:44:23 -0800] "GET /sitebuilder/images/navbar-7-inactive-94078.png HTTP/1.1" 200 1503 "-" "Mozilla/5.0 (compatible; AhrefsBot/7.0; +http://ahrefs.com/robot/)" "ucea-online.net"
51.222.253.15 - - [18/Dec/2022:12:44:23 -0800] "GET /sitebuilder/images/navbar-3-inactive-06390.png HTTP/1.1" 200 1787 "-" "Mozilla/5.0 (compatible; AhrefsBot/7.0; +http://ahrefs.com/robot/)" "ucea-online.net"
51.222.253.1 - - [18/Dec/2022:12:44:24 -0800] "GET /sitebuilder/images/navbar-5-active-95890.png HTTP/1.1" 200 2689 "-" "Mozilla/5.0 (compatible; AhrefsBot/7.0; +http://ahrefs.com/robot/)" "ucea-online.net"
51.222.253.7 - - [18/Dec/2022:12:44:24 -0800] "GET /sitebuilder/images/City_of_Panama_Icon-358x481.jpg HTTP/1.1" 200 13460 "-" "Mozilla/5.0 (compatible; AhrefsBot/7.0; +http://ahrefs.com/robot/)" "ucea-online.net"
51.222.253.18 - - [18/Dec/2022:12:44:24 -0800] "GET /sitebuilder/images/navbar-8-inactive-18732.png HTTP/1.1" 200 1667 "-" "Mozilla/5.0 (compatible; AhrefsBot/7.0; +http://ahrefs.com/robot/)" "ucea-online.net"
51.222.253.2 - - [18/Dec/2022:12:44:25 -0800] "GET /sitebuilder/images/navbar-0-inactive-06015.png HTTP/1.1" 200 1765 "-" "Mozilla/5.0 (compatible; AhrefsBot/7.0; +http://ahrefs.com/robot/)" "ucea-online.net"
51.222.253.16 - - [18/Dec/2022:12:44:25 -0800] "GET /clipart/images/bluegray_rounded_footer.gif HTTP/1.1" 200 223 "-" "Mozilla/5.0 (compatible; AhrefsBot/7.0; +http://ahrefs.com/robot/)" "ucea-online.net"
8.142.165.189 - - [18/Dec/2022:13:23:01 -0800] "HEAD / HTTP/1.1" 200 - "-" "Mozilla/5.0 (linux; u; android 9; zh-cn; v1816a build/pkq1.180819.001) applewebkit/537.36 (khtml, like gecko) version/4.0 chrome/57" "www.ucea-online.net"
8.142.165.189 - - [18/Dec/2022:13:23:01 -0800] "GET / HTTP/1.1" 200 3665 "-" "Mozilla/5.0 (linux; u; android 9; zh-cn; v1816a build/pkq1.180819.001) applewebkit/537.36 (khtml, like gecko) version/4.0 chrome/57" "www.ucea-online.net"
51.222.253.3 - - [18/Dec/2022:13:23:51 -0800] "GET /Research.html HTTP/1.1" 200 2033 "-" "Mozilla/5.0 (compatible; AhrefsBot/7.0; +http://ahrefs.com/robot/)" "ucea-online.net"
51.222.253.5 - - [18/Dec/2022:13:23:58 -0800] "GET /sitebuilder/images/E-Library-0-inactive-68609.png HTTP/1.1" 200 1631 "-" "Mozilla/5.0 (compatible; AhrefsBot/7.0; +http://ahrefs.com/robot/)" "ucea-online.net"
51.222.253.3 - - [18/Dec/2022:13:23:59 -0800] "GET /clipart/pageHeaders/blueprintsRow_blue.gif HTTP/1.1" 200 3919 "-" "Mozilla/5.0 (compatible; AhrefsBot/7.0; +http://ahrefs.com/robot/)" "ucea-online.net"
51.222.253.16 - - [18/Dec/2022:13:23:59 -0800] "GET /sitebuilder/images/E-Library-1-inactive-29921.png HTTP/1.1" 200 1671 "-" "Mozilla/5.0 (compatible; AhrefsBot/7.0; +http://ahrefs.com/robot/)" "ucea-online.net"
51.222.253.10 - - [18/Dec/2022:13:23:59 -0800] "GET /sitebuilder/images/E-Library-2-inactive-96150.png HTTP/1.1" 200 2245 "-" "Mozilla/5.0 (compatible; AhrefsBot/7.0; +http://ahrefs.com/robot/)" "ucea-online.net"
51.222.253.4 - - [18/Dec/2022:13:23:59 -0800] "GET /clipart/images/sidebars/blueprintsColumn_blue.gif HTTP/1.1" 200 4991 "-" "Mozilla/5.0 (compatible; AhrefsBot/7.0; +http://ahrefs.com/robot/)" "ucea-online.net"
51.222.253.8 - - [18/Dec/2022:13:24:00 -0800] "GET /sitebuilder/images/JCF_Logo-178x78.jpg HTTP/1.1" 200 3900 "-" "Mozilla/5.0 (compatible; AhrefsBot/7.0; +http://ahrefs.com/robot/)" "ucea-online.net"
114.119.140.237 - - [18/Dec/2022:14:38:35 -0800] "GET /files/UCEA_Catalog_2010-2011_Graphic_Version.pdf HTTP/1.1" 200 1307431 "-" "Mozilla/5.0 (Linux; Android 7.0;) AppleWebKit/537.36 (KHTML, like Gecko) Mobile Safari/537.36 (compatible; PetalBot;+https://webmaster.petalsearch.com/site/petalbot)" "www.ucea-online.net"
54.36.148.200 - - [18/Dec/2022:15:34:42 -0800] "GET /robots.txt HTTP/1.1" 200 58 "-" "Mozilla/5.0 (compatible; AhrefsBot/7.0; +http://ahrefs.com/robot/)" "www.ucea-online.net"
51.222.253.2 - - [18/Dec/2022:15:34:44 -0800] "GET /testimonials.html HTTP/1.1" 200 3808 "-" "Mozilla/5.0 (compatible; AhrefsBot/7.0; +http://ahrefs.com/robot/)" "www.ucea-online.net"
51.222.253.5 - - [18/Dec/2022:15:34:45 -0800] "GET /testimonials.html HTTP/1.1" 200 3808 "-" "Mozilla/5.0 (compatible; AhrefsBot/7.0; +http://ahrefs.com/robot/)" "www.ucea-online.net"
51.222.253.8 - - [18/Dec/2022:15:34:45 -0800] "GET /images/Panama_biblio3.jpg HTTP/1.1" 200 27470 "-" "Mozilla/5.0 (compatible; AhrefsBot/7.0; +http://ahrefs.com/robot/)" "www.ucea-online.net"
51.222.253.9 - - [18/Dec/2022:15:34:46 -0800] "GET /sitebuilder/images/navbar-6-active-08525.png HTTP/1.1" 200 1616 "-" "Mozilla/5.0 (compatible; AhrefsBot/7.0; +http://ahrefs.com/robot/)" "www.ucea-online.net"
51.222.253.16 - - [18/Dec/2022:15:34:46 -0800] "GET /sitebuilder/images/2014_University_Central_of_Ashdod_Logo-191x118.jpg HTTP/1.1" 200 6239 "-" "Mozilla/5.0 (compatible; AhrefsBot/7.0; +http://ahrefs.com/robot/)" "www.ucea-online.net"
